**3 - p**2 - 2*p + 3. Let a be s(-4). Let o = 113 - a. What is the units digit of o?
4
Suppose 101*g = 104*g + 174. Let v = 81 + g. What is the tens digit of v?
2
Suppose 101*l - 215216 - 22134 = 0. What is the tens digit of l?
5
Suppose 11*f - 17*f = -966. What is the hundreds digit of f?
1
Let b(i) be the first derivative of 58*i**3/3 + 9*i**2/2 + 15*i - 18. What is the tens digit of b(-2)?
2
Suppose -8*v + 5*v = -3. Let y(z) = 6*z**2 + 5*z + 3. Let k(p) = p**2. Let l(u) = v*y(u) - 4*k(u). What is the units digit of l(-3)?
6
Let x(z) = -4*z - 3. Suppose -6*s + s = 45. Let g be x(s). Suppose 2*r = 23 + g. What is the tens digit of r?
2
Let v(h) = 771*h - 17. Let y be v(7). What is the tens digit of 2/11 + (4 - y/(-55))?
0
Suppose -974 = -4*o - 0*v + 2*v, -o = 4*v - 230. What is the tens digit of o?
4
Let i(c) = c - 5. Let s(a) = -1. Let d(l) = 2*i(l) + 6*s(l). What is the units digit of d(9)?
2
Let c = -47 - -50. Suppose -119 = -c*p - 0*p + a, 4*p - 156 = 2*a. What is the tens digit of p?
4
Let x(h) = 3*h - 13. Let k be x(10). Let u = 52 - k. What is the units digit of (-1 - -3) + (u - -3)?
0
What is the tens digit of 5289/11 - 62/(-341)?
8
Let o be (0 + 0)*(-4)/(-8). Suppose o = k + k + 18. What is the units digit of (3 - 11/3)*k?
6
Suppose 5*w - 4*y - 140 - 1330 = 0, w + 3*y = 275. What is the tens digit of w?
9
Suppose -3*a + 2*f = -356, 5*a = 2*a + 4*f + 358. Let y = -43 + a. What is the units digit of y?
5
Let c = 123 - 113. Suppose -c*i + 213 = -157. What is the units digit of i?
7
Let z(u) = -281 - u - u + u**2 + 280. What is the tens digit of z(-8)?
7
Let i be 583 - ((-4)/2 + (6 - 6)). Suppose -5*j - 2*z = z - i, -3*z = -15. What is the hundreds digit of j?
1
Suppose 4*k + 5*u + 35 = 0, -k + 25 = -3*k - 5*u. What is the tens digit of 8288/35 - -5 - 1/k?
4
Let v = -3 - -6. Suppose -26 = v*h + 4. What is the units digit of (13 - -7)*(-24)/h?
8
Suppose 0*m - 3656 = -2*m - 5*n, -3*n = 12. What is the thousands digit of m?
1
Suppose 7*m - 219 = 4*m - 4*r, 0 = -4*m - 4*r + 296. What is the units digit of m?
7
Let s be 2/5 - 6/15. Suppose s*q + 4*q = 0. Suppose q = 10*i - 5*i - 130. What is the units digit of i?
6
Let j = -151 - -64. Let w = -49 - j. What is the tens digit of w?
3
Let s(u) = 4*u - 1. Let d(w) = w. Let y(j) = -7*d(j) + 2*s(j). Let f be y(6). Suppose -f*h - h + 10 = 0. What is the units digit of h?
2
Suppose -5*l + 12088 = 3*o, 5*o - 13 = -8. What is the units digit of l?
7
Let g(b) = 0*b - 4*b + 3*b + 3*b. Let t be (8/12)/(1/15). What is the tens digit of g(t)?
2
What is the hundreds digit of 1 + (-10)/6 + (-856140)/(-684)?
2
Let i be (-27)/6 + (-4)/(-8). Let j = i - -5. What is the units digit of 9/12*4/j?
3
Suppose -5*a - 4*h - 1201 = -97, a - h = -219. Let o = -115 - a. What is the tens digit of o?
0
Let o be (2 - 2)*3/6. Suppose -5*i + 131 + 9 = o. Let q = i - 20. What is the units digit of q?
8
Suppose -a = 4*b - 6, -3*a = -0*b - 2*b + 10. What is the hundreds digit of (-12 - -15)*(b - -45)?
1
Let x be (17*2/4)/((-27)/(-324)). What is the tens digit of -1 + -3 + x + -3?
9
Suppose 4*y + 3*h - 13 = 2*y, 18 = 3*y + 3*h. Suppose 3*x = -4*l + 6*x + 220, -y*x + 84 = 2*l. What is the units digit of l?
2
Let a(i) = -i**3 + 9*i**2 - 13*i - 7. Let j be a(7). Suppose -z + 66 = -3*l - 54, -4*z + 2*l + 440 = j. What is the hundreds digit of z?
1
Suppose a - 6*a + 5*q + 230 = 0, 5*a - 260 = -q. What is the tens digit of (85/a)/((-1)/(-9))?
1
Suppose 0 = -4*y - 4*g - 104, g + g + 10 = 0. What is the hundreds digit of 6/y + 5540/35 + 0?
1
Suppose 17*w = 20*w. Suppose -5*p - 3*i + 127 = 0, -4*p + 2*i = -w*i - 84. What is the tens digit of p?
2
Let q(g) = -g**3 + 5*g**2 - g + 7. Let n be q(5). Let u be (n/(-2) - -6) + -2. Suppose -2*m + u = -7. What is the units digit of m?
5
Let a be (-36)/27*(-78)/(-2). Let r = -33 - a. Suppose -j - r = -56. What is the tens digit of j?
3
Suppose -3*o + 30 = -0*o. Suppose -o*y + 456 = -4*y. What is the units digit of y?
6
Let p = 1883 + -767. What is the thousands digit of p?
1
Let b(s) be the first derivative of 131*s**3/3 - s**2 + s + 2. What is the hundreds digit of b(-1)?
1
Let a = -4 + 4. Suppose -4*f = -3*r + r - 16, a = 2*f + 5*r + 16. Suppose -2*w + s = -w - 8, w - 6 = f*s. What is the tens digit of w?
1
Suppose -n - 5*b - 11 = 0, 0*b - 4*b = 4*n + 28. Let j(z) = z**2 + 9*z - 3. Let u be j(-5). Let r = n - u. What is the tens digit of r?
1
Let y = 1534 - 757. What is the units digit of y?
7
Let t(g) = g**2 + 10*g + 13. Let y be t(-9). Suppose -55 = y*u + x - 138, -4*u + 113 = -5*x. Let i = u + -20. What is the units digit of i?
2
Let h(o) be the second derivative of o**4/12 - o**3/6 - 8*o**2 - 2*o - 14. What is the hundreds digit of h(-12)?
1
Let d = 164 - -124. Let s = d - 108. What is the units digit of s?
0
Suppose 4*r - 122 = -q + 3*q, 3*q + 5*r + 172 = 0. Let l = 109 - q. Suppose -5*b - 7*p = -3*p - l, 3*p + 117 = 3*b. What is the tens digit of b?
3
Suppose -3*u + 947 = j, -2*u + 499 = j - 449. What is the units digit of j?
0
Let q(o) = -o**2 + 7*o - 5. Let b be q(5). Suppose 2*g - 96 = b*m + 49, g = 4*m + 71. What is the units digit of g?
5
Suppose 0 = 2*g + 5*u - 350, 2*g - 2*u - 346 + 24 = 0. Let n be ((-12)/(-21))/((-10)/(-35)). Suppose 0 = k + n*k - g. What is the units digit of k?
5
Let g be 0 + -5 - 16/4. What is the tens digit of 210/g*(-6)/2?
7
Suppose 14 = -d - 20. Let x = d + 107. What is the units digit of x?
3
Suppose -14 = -2*x + 3*x - j, -3*x + 4*j - 37 = 0. Let o = -29 - x. Let q = -5 - o. What is the units digit of q?
5
What is the tens digit of (37/(-2))/(9/(-234))?
8
Let b(t) = t**2 - 10*t + 5. Let r be b(11). Suppose -4*n = q - r, -3*q + 89 = -3*n - 34. What is the tens digit of q?
3
What is the thousands digit of 1151/(726/55 + -13)?
5
Let x(y) = -10*y + 2. Suppose -2*b - t = -10, 0 = b + 4*b - 4*t - 38. Suppose -3*m + 12 = -4*z, 2*z - 3*m = -b - 0. What is the tens digit of x(z)?
3
Suppose -5*n + 7350 = y, -12*n + 4427 = -9*n + 4*y. What is the units digit of n?
9
Let w be 855/76 + 1/(-4). What is the units digit of 87 + (11/(w/(-6)))/(-2)?
0
What is the tens digit of (-287448)/(-60) + 2/(-10)*-1?
9
Let u(g) = -5*g + 5. Let v be u(-4). Let n be 3 - 2 - (-15 - -15). Suppose k - v - n = 0. What is the tens digit of k?
2
Suppose -17*n - 1246 = -4*m - 15*n, -12 = -4*n. What is the units digit of m?
3
Let u = 560 - 300. What is the units digit of u?
0
Let r(x) = -12*x - 1 + 0 + 5*x - 4. What is the units digit of r(-5)?
0
Let y be (118 + -8)*(-18)/(-5). Suppose 5*l = -d - 0*d + y, -d = 4. What is the units digit of l?
0
Suppose -4482 = -118*a + 75876. What is the tens digit of a?
8
Let m(x) = -x**3 - 28*x**2 - 28*x - 8. Let l be m(-27). Suppose l*o - 3335 = 85. What is the units digit of o?
0
Let k(z) = -z**3 - 7*z**2 - 3*z - 9. Let r be k(-9). Suppose 0 = -3*l + 8*l - 3*g - 225, 0 = -4*l + 2*g + r. What is the tens digit of l?
4
Suppose -10 - 12 = r. Suppose 187 = -28*n + 17*n. Let q = n - r. What is the units digit of q?
5
Suppose 995 = -4*f - 5*n, 6*n = 5*f + 3*n + 1216. What is the tens digit of (1 - -1)/((-497)/f - 2)?
7
Let w(l) = -l**3 - 7*l**2 - 7*l - 6. Let s be w(-6). Suppose s = -i + 5*i - 12. Suppose 0 = 2*a - 8, i*a + 93 = 5*d - 30. What is the tens digit of d?
2
Let n(s) = 6*s + 3*s**2 - 2*s - 2*s. Let k(c) = 14*c**2 + 11*c + 1. Let a(g) = -2*k(g) + 11*n(g). What is the tens digit of a(3)?
4
Let w(g) = -3*g + 3*g**2 - 11 - 2*g**2 + 7*g. Let o be w(-9). Let u = -19 + o. What is the tens digit of u?
1
Suppose t - 2*l = -2*t - 6362, 4*t + 8521 = -5*l. What is the tens digit of (-6)/(-39) + t/(-52)?
4
Let s = -196 + 96. Let q = 208 + s. What is the hundreds digit of q?
1
Let o = 1810 - 538. What is the hundreds digit of o?
2
Suppose 6*z - 4*z + 6186 = 4*c, -5*c - 4*z + 7752 = 0. What is the units digit of c?
8
Let y = 1641 - 515. What is the tens digit of y?
2
Let d = -4130 - -8287. What is the units digit of d?
7
Suppose -40 = 2*g + 2*g. What is the tens digit of (-45)/(-75) - 504/g?
5
Let w = 868 - 405. What is the units digit of w?
3
Suppose 21*c + 316 = 25*c. Suppose -62 = -3*b + c. What is the units digit of b?
7
Suppose -2*h + 5*m + 23 = 0, m = -h - 2*m + 6. Suppose -2*o + 4*i = -247 + h, 5*o + 2*i - 643 = 0. What is the tens digit of o?
2
Suppose 0 = 4